{"id":1074,"date":"2025-07-24T17:46:35","date_gmt":"2025-07-24T15:46:35","guid":{"rendered":"https:\/\/informacionoficial-nonprod.mendoza.gob.ar\/seguridadyjusticia\/?page_id=1074"},"modified":"2025-08-13T19:37:21","modified_gmt":"2025-08-13T17:37:21","slug":"asesoria-tecnica","status":"publish","type":"page","link":"https:\/\/informacionoficial-nonprod.mendoza.gob.ar\/seguridadyjusticia\/asesoria-tecnica\/","title":{"rendered":"Asesor\u00eda T\u00e9cnica"},"content":{"rendered":"[et_pb_section fb_built=\u00bb1&#8243; admin_label=\u00bbsection\u00bb _builder_version=\u00bb4.16&#8243; global_colors_info=\u00bb{}\u00bb][et_pb_row admin_label=\u00bbrow\u00bb _builder_version=\u00bb4.16&#8243; background_size=\u00bbinitial\u00bb background_position=\u00bbtop_left\u00bb background_repeat=\u00bbrepeat\u00bb global_colors_info=\u00bb{}\u00bb][et_pb_column type=\u00bb4_4&#8243; _builder_version=\u00bb4.16&#8243; custom_padding=\u00bb|||\u00bb global_colors_info=\u00bb{}\u00bb custom_padding__hover=\u00bb|||\u00bb][et_pb_post_title _builder_version=\u00bb4.27.4&#8243; _module_preset=\u00bbdefault\u00bb meta=\u00bboff\u00bb featured_image=\u00bboff\u00bb hover_enabled=\u00bb0&#8243; sticky_enabled=\u00bb0&#8243; locked=\u00bboff\u00bb][\/et_pb_post_title][et_pb_text admin_label=\u00bbText\u00bb _builder_version=\u00bb4.16&#8243; background_size=\u00bbinitial\u00bb background_position=\u00bbtop_left\u00bb background_repeat=\u00bbrepeat\u00bb global_colors_info=\u00bb{}\u00bb]\n<p class=\"has-black-color has-text-color has-link-color wp-elements-cc459d68eb4533bf376b79abe77c1720\" style=\"font-size:14px\"><strong>S\u00ed se desempe\u00f1a como personal policial o penitenciario y ha sido notificado\/a de la apertura de un sumario administrativo, puede solicitar asesoramiento t\u00e9cnico en IGS.<\/strong><\/p>\n\n\n\n<p class=\"has-black-color has-text-color has-link-color wp-elements-15b5ea79e01011f4bcd30604170a2773\" style=\"font-size:14px\">La asesor\u00eda t\u00e9cnica tambi\u00e9n brinda asesoramiento a personal penitenciario en informaciones sumarias administrativas, debido a un convenio de ampliaci\u00f3n.<\/p>\n\n\n\n<p class=\"has-black-color has-text-color has-link-color wp-elements-c3a997c02877d674a157d4bc1043c54d\" style=\"font-size:14px\"><strong>Todo abogado, inclusive s\u00ed trabaja en IGS realizado asesoramiento t\u00e9cnico, tiene la obligaci\u00f3n de:<\/strong><\/p>\n\n\n\n<p class=\"has-black-color has-text-color has-link-color wp-elements-f41ba05ca4888a0915f71ae8a9130c14\" style=\"font-size:14px\">Observar una conducta ajustada a los principios de lealtad, probidad y buena fe (<a href=\"http:\/\/www.saij.gob.ar\/legislacion\/ley-mendoza-4976-ejercicio_abogacia_procuracion.htm\">Art.25 Ley 4676<\/a>). <\/p>\n\n\n\n<p class=\"has-black-color has-text-color has-link-color wp-elements-e08f4043a8b615f72dd8e6913b399f24\" style=\"font-size:14px\">Guardar secreto de los hechos que hubiere conocido con motivo de su intervenci\u00f3n profesional (<a href=\"http:\/\/www.saij.gob.ar\/legislacion\/ley-mendoza-4976-ejercicio_abogacia_procuracion.htm\">Art.25 Ley 4676<\/a>).<\/p>\n\n\n\n<p class=\"has-black-color has-text-color has-link-color wp-elements-5ef3119ea94ec15e4a4293918e6ad645\" style=\"font-size:14px\"><strong>\u00bfSab\u00edas que hay distintas formas de defenderte de un sumario en la IGS?<\/strong><\/p>\n\n\n\n<p class=\"has-black-color has-text-color has-link-color wp-elements-ce59af3b7c123c2341ba5df3f789f244\" style=\"font-size:14px\">Autodefensa, Abogada\/o, Asesor\u00eda t\u00e9cnica, Oficial retirado (solo para polic\u00edas).<\/p>\n\n\n\n<p class=\"has-black-color has-text-color has-link-color wp-elements-ddeaa2f4edf0ffda0dce38259fa6c603\" style=\"font-size:14px\">Ahora que sabes que incluso los abogados de IGS tienen obligaci\u00f3n de guardar secreto: \u00bfTe anim\u00e1s a consultar por este servicio? <\/p>\n\n\n\n<p class=\"has-black-color has-text-color has-link-color wp-elements-1505121e907b94829be21d0c9ba57ee4\" style=\"font-size:18px\"><strong>Contacto <\/strong><\/p>\n\n\n\n<p class=\"has-black-color has-text-color has-link-color wp-elements-48e372207f8a4b5340da2e0298d15285\" style=\"font-size:14px\"><strong>Horario de atenci\u00f3n:<\/strong> Lunes a viernes de 08 a 13 hs.<\/p>\n\n\n\n<p class=\"has-black-color has-text-color has-link-color wp-elements-5734fe60484cebcf8c32322a53df972a\" style=\"font-size:14px\"><strong>Tel\u00e9fono:<\/strong> 2615182550<\/p>\n\n\n\n<p class=\"has-black-color has-text-color has-link-color wp-elements-e1a463ddcb067f6253c79fa447891d3b\"><strong>Correo:<\/strong> <a href=\"mailto:mentradas-igs@mendoza.gov.ar\">mentradas-igs@mendoza.gov.ar<\/a><\/p>\n\n\n\n<p class=\"has-black-color has-text-color has-link-color wp-elements-bd7b6e045ad85757108968b4aca3eb82\" style=\"font-size:14px\"><strong>Direcci\u00f3n:<\/strong> Av. San Mart\u00edn 1027, 1er piso, Unidad 5 &#8211; Galer\u00eda Piazza, Mza.<\/p>\n[\/et_pb_text][\/et_pb_column][\/et_pb_row][\/et_pb_section]","protected":false},"excerpt":{"rendered":"<p>S\u00ed se desempe\u00f1a como personal policial o penitenciario y ha sido notificado\/a de la apertura de un sumario administrativo, puede solicitar asesoramiento t\u00e9cnico en IGS. La asesor\u00eda t\u00e9cnica tambi\u00e9n brinda asesoramiento a personal penitenciario en informaciones sumarias administrativas, debido a un convenio de ampliaci\u00f3n. Todo abogado, inclusive s\u00ed trabaja en IGS realizado asesoramiento t\u00e9cnico, tiene [&hellip;]<\/p>\n","protected":false},"author":26,"featured_media":0,"parent":0,"menu_order":0,"comment_status":"closed","ping_status":"closed","template":"","meta":{"_et_pb_use_builder":"on","_et_pb_old_content":"<!-- wp:paragraph {\"style\":{\"elements\":{\"link\":{\"color\":{\"text\":\"var:preset|color|black\"}}},\"typography\":{\"fontSize\":\"14px\"}},\"textColor\":\"black\"} -->\n<p class=\"has-black-color has-text-color has-link-color\" style=\"font-size:14px\"><strong>S\u00ed se desempe\u00f1a como personal policial o penitenciario y ha sido notificado\/a de la apertura de un sumario administrativo, puede solicitar asesoramiento t\u00e9cnico en IGS.<\/strong><\/p>\n<!-- \/wp:paragraph -->\n\n<!-- wp:paragraph {\"style\":{\"elements\":{\"link\":{\"color\":{\"text\":\"var:preset|color|black\"}}},\"typography\":{\"fontSize\":\"14px\"}},\"textColor\":\"black\"} -->\n<p class=\"has-black-color has-text-color has-link-color\" style=\"font-size:14px\">La asesor\u00eda t\u00e9cnica tambi\u00e9n brinda asesoramiento a personal penitenciario en informaciones sumarias administrativas, debido a un convenio de ampliaci\u00f3n.<\/p>\n<!-- \/wp:paragraph -->\n\n<!-- wp:paragraph {\"style\":{\"elements\":{\"link\":{\"color\":{\"text\":\"var:preset|color|black\"}}},\"typography\":{\"fontSize\":\"14px\"}},\"textColor\":\"black\"} -->\n<p class=\"has-black-color has-text-color has-link-color\" style=\"font-size:14px\"><strong>Todo abogado, inclusive s\u00ed trabaja en IGS realizado asesoramiento t\u00e9cnico, tiene la obligaci\u00f3n de:<\/strong><\/p>\n<!-- \/wp:paragraph -->\n\n<!-- wp:paragraph {\"style\":{\"elements\":{\"link\":{\"color\":{\"text\":\"var:preset|color|black\"}}},\"typography\":{\"fontSize\":\"14px\"}},\"textColor\":\"black\"} -->\n<p class=\"has-black-color has-text-color has-link-color\" style=\"font-size:14px\">Observar una conducta ajustada a los principios de lealtad, probidad y buena fe (<a href=\"http:\/\/www.saij.gob.ar\/legislacion\/ley-mendoza-4976-ejercicio_abogacia_procuracion.htm\">Art.25 Ley 4676<\/a>). <\/p>\n<!-- \/wp:paragraph -->\n\n<!-- wp:paragraph {\"style\":{\"elements\":{\"link\":{\"color\":{\"text\":\"var:preset|color|black\"}}},\"typography\":{\"fontSize\":\"14px\"}},\"textColor\":\"black\"} -->\n<p class=\"has-black-color has-text-color has-link-color\" style=\"font-size:14px\">Guardar secreto de los hechos que hubiere conocido con motivo de su intervenci\u00f3n profesional (<a href=\"http:\/\/www.saij.gob.ar\/legislacion\/ley-mendoza-4976-ejercicio_abogacia_procuracion.htm\">Art.25 Ley 4676<\/a>).<\/p>\n<!-- \/wp:paragraph -->\n\n<!-- wp:paragraph {\"style\":{\"elements\":{\"link\":{\"color\":{\"text\":\"var:preset|color|black\"}}},\"typography\":{\"fontSize\":\"14px\"}},\"textColor\":\"black\"} -->\n<p class=\"has-black-color has-text-color has-link-color\" style=\"font-size:14px\"><strong>\u00bfSab\u00edas que hay distintas formas de defenderte de un sumario en la IGS?<\/strong><\/p>\n<!-- \/wp:paragraph -->\n\n<!-- wp:paragraph {\"style\":{\"elements\":{\"link\":{\"color\":{\"text\":\"var:preset|color|black\"}}},\"typography\":{\"fontSize\":\"14px\"}},\"textColor\":\"black\"} -->\n<p class=\"has-black-color has-text-color has-link-color\" style=\"font-size:14px\">Autodefensa, Abogada\/o, Asesor\u00eda t\u00e9cnica, Oficial retirado (solo para polic\u00edas).<\/p>\n<!-- \/wp:paragraph -->\n\n<!-- wp:paragraph {\"style\":{\"elements\":{\"link\":{\"color\":{\"text\":\"var:preset|color|black\"}}},\"typography\":{\"fontSize\":\"14px\"}},\"textColor\":\"black\"} -->\n<p class=\"has-black-color has-text-color has-link-color\" style=\"font-size:14px\">Ahora que sabes que incluso los abogados de IGS tienen obligaci\u00f3n de guardar secreto: \u00bfTe anim\u00e1s a consultar por este servicio? <\/p>\n<!-- \/wp:paragraph -->\n\n<!-- wp:paragraph {\"style\":{\"typography\":{\"fontSize\":\"18px\"},\"elements\":{\"link\":{\"color\":{\"text\":\"var:preset|color|black\"}}}},\"textColor\":\"black\"} -->\n<p class=\"has-black-color has-text-color has-link-color\" style=\"font-size:18px\"><strong>Contacto <\/strong><\/p>\n<!-- \/wp:paragraph -->\n\n<!-- wp:paragraph {\"style\":{\"elements\":{\"link\":{\"color\":{\"text\":\"var:preset|color|black\"}}},\"typography\":{\"fontSize\":\"14px\"}},\"textColor\":\"black\"} -->\n<p class=\"has-black-color has-text-color has-link-color\" style=\"font-size:14px\"><strong>Horario de atenci\u00f3n:<\/strong> Lunes a viernes de 08 a 13 hs.<\/p>\n<!-- \/wp:paragraph -->\n\n<!-- wp:paragraph {\"style\":{\"elements\":{\"link\":{\"color\":{\"text\":\"var:preset|color|black\"}}},\"typography\":{\"fontSize\":\"14px\"}},\"textColor\":\"black\"} -->\n<p class=\"has-black-color has-text-color has-link-color\" style=\"font-size:14px\"><strong>Tel\u00e9fono:<\/strong> 2615182550<\/p>\n<!-- \/wp:paragraph -->\n\n<!-- wp:paragraph {\"style\":{\"elements\":{\"link\":{\"color\":{\"text\":\"var:preset|color|black\"}}}},\"textColor\":\"black\"} -->\n<p class=\"has-black-color has-text-color has-link-color\"><strong>Correo:<\/strong> <a href=\"mailto:mentradas-igs@mendoza.gov.ar\">mentradas-igs@mendoza.gov.ar<\/a><\/p>\n<!-- \/wp:paragraph -->\n\n<!-- wp:paragraph {\"style\":{\"elements\":{\"link\":{\"color\":{\"text\":\"var:preset|color|black\"}}},\"typography\":{\"fontSize\":\"14px\"}},\"textColor\":\"black\"} -->\n<p class=\"has-black-color has-text-color has-link-color\" style=\"font-size:14px\"><strong>Direcci\u00f3n:<\/strong> Av. San Mart\u00edn 1027, 1er piso, Unidad 5 - Galer\u00eda Piazza, Mza.<\/p>\n<!-- \/wp:paragraph -->","_et_gb_content_width":"1080","footnotes":""},"class_list":["post-1074","page","type-page","status-publish","hentry"],"_links":{"self":[{"href":"https:\/\/informacionoficial-nonprod.mendoza.gob.ar\/seguridadyjusticia\/wp-json\/wp\/v2\/pages\/1074","targetHints":{"allow":["GET"]}}],"collection":[{"href":"https:\/\/informacionoficial-nonprod.mendoza.gob.ar\/seguridadyjusticia\/wp-json\/wp\/v2\/pages"}],"about":[{"href":"https:\/\/informacionoficial-nonprod.mendoza.gob.ar\/seguridadyjusticia\/wp-json\/wp\/v2\/types\/page"}],"author":[{"embeddable":true,"href":"https:\/\/informacionoficial-nonprod.mendoza.gob.ar\/seguridadyjusticia\/wp-json\/wp\/v2\/users\/26"}],"replies":[{"embeddable":true,"href":"https:\/\/informacionoficial-nonprod.mendoza.gob.ar\/seguridadyjusticia\/wp-json\/wp\/v2\/comments?post=1074"}],"version-history":[{"count":11,"href":"https:\/\/informacionoficial-nonprod.mendoza.gob.ar\/seguridadyjusticia\/wp-json\/wp\/v2\/pages\/1074\/revisions"}],"predecessor-version":[{"id":1863,"href":"https:\/\/informacionoficial-nonprod.mendoza.gob.ar\/seguridadyjusticia\/wp-json\/wp\/v2\/pages\/1074\/revisions\/1863"}],"wp:attachment":[{"href":"https:\/\/informacionoficial-nonprod.mendoza.gob.ar\/seguridadyjusticia\/wp-json\/wp\/v2\/media?parent=1074"}],"curies":[{"name":"wp","href":"https:\/\/api.w.org\/{rel}","templated":true}]}}