{"id":1062,"date":"2025-07-23T21:29:40","date_gmt":"2025-07-23T19:29:40","guid":{"rendered":"https:\/\/informacionoficial-nonprod.mendoza.gob.ar\/seguridadyjusticia\/?page_id=1062"},"modified":"2025-08-13T19:24:25","modified_gmt":"2025-08-13T17:24:25","slug":"erupcion-volcanica","status":"publish","type":"page","link":"https:\/\/informacionoficial-nonprod.mendoza.gob.ar\/seguridadyjusticia\/erupcion-volcanica\/","title":{"rendered":"Erupci\u00f3n volc\u00e1nica"},"content":{"rendered":"[et_pb_section fb_built=\u00bb1&#8243; admin_label=\u00bbsection\u00bb _builder_version=\u00bb4.16&#8243; global_colors_info=\u00bb{}\u00bb][et_pb_row admin_label=\u00bbrow\u00bb _builder_version=\u00bb4.16&#8243; background_size=\u00bbinitial\u00bb background_position=\u00bbtop_left\u00bb background_repeat=\u00bbrepeat\u00bb global_colors_info=\u00bb{}\u00bb][et_pb_column type=\u00bb4_4&#8243; _builder_version=\u00bb4.16&#8243; custom_padding=\u00bb|||\u00bb global_colors_info=\u00bb{}\u00bb custom_padding__hover=\u00bb|||\u00bb][et_pb_post_title _builder_version=\u00bb4.27.4&#8243; _module_preset=\u00bbdefault\u00bb meta=\u00bboff\u00bb featured_image=\u00bboff\u00bb hover_enabled=\u00bb0&#8243; sticky_enabled=\u00bb0&#8243; locked=\u00bboff\u00bb][\/et_pb_post_title][et_pb_text admin_label=\u00bbText\u00bb _builder_version=\u00bb4.16&#8243; background_size=\u00bbinitial\u00bb background_position=\u00bbtop_left\u00bb background_repeat=\u00bbrepeat\u00bb global_colors_info=\u00bb{}\u00bb]\n<h4 class=\"wp-block-heading has-black-color has-text-color has-link-color has-medium-font-size wp-elements-c95417a35ecd1c6eb1c889805678b674\"><strong>\u00bfC\u00f3mo prepararse ante una posible erupci\u00f3n volc\u00e1nica? \ud83c\udf0b<\/strong><\/h4>\n\n\n\n<h4 class=\"wp-block-heading has-black-color has-text-color has-link-color has-medium-font-size wp-elements-0e776d56a22c5f28a8750e9a0f60bc6a\"><strong>Volcanes y su impacto en Mendoza<\/strong><\/h4>\n\n\n\n<p class=\"has-black-color has-text-color has-link-color has-small-font-size wp-elements-c164cc4556727c8b15fb3670e853c103\">Mendoza  cuenta con volcanes activos dentro de su territorio, adem\u00e1s su ubicaci\u00f3n cercana a la cordillera lim\u00edtrofe con la Rep\u00fablica de Chile, la expone a la actividad de volcanes. Entre los m\u00e1s relevantes se encuentran el <strong>Complejo<\/strong> <strong>Planch\u00f3n-Peteroa<\/strong>, el <strong>Tupungatito, Laguna del Maule<\/strong> y el <strong>Descabezado Grande<\/strong>, todos con potencial de emitir ceniza que podr\u00eda llegar a toda la provincia.<\/p>\n\n\n\n<p class=\"has-black-color has-text-color has-link-color wp-elements-ec68b98e9c7aa1f2723cb81caf9b5046\">\ud83d\udd39 <strong>Ejemplo real: <\/strong>En 2011, la erupci\u00f3n del Planch\u00f3n-Peteroa gener\u00f3 una nube de ceniza que afect\u00f3 el sur de Mendoza, causando problemas respiratorios, interrupci\u00f3n de servicios y da\u00f1os a la producci\u00f3n agr\u00edcola ganadera.<\/p>\n\n\n\n<p class=\"has-black-color has-text-color has-link-color wp-elements-8d08fa40b25a159db08e95c4c3c8248e\">Dado que este tipo de fen\u00f3menos pueden repetirse, es fundamental estar preparados para minimizar los riesgos.<\/p>\n\n\n\n<h4 class=\"wp-block-heading has-black-color has-text-color has-link-color has-medium-font-size wp-elements-0a855faffcd0a279f14b3d03366b024e\"><strong>\ud83d\uded1 Medidas de prevenci\u00f3n en tu hogar<\/strong><\/h4>\n\n\n\n<p class=\"has-black-color has-text-color has-link-color wp-elements-c7eca75ad0d425781657df2da5abaa38\">\ud83c\udfe1 Verific\u00e1 tu ubicaci\u00f3n: Consult\u00e1 con la<strong> <\/strong>Defensa Civil de tu municipio si tu zona podr\u00eda verse afectada por la ca\u00edda de ceniza.<\/p>\n\n\n\n<p class=\"has-black-color has-text-color has-link-color wp-elements-0f6397bcfb5a0073f5984dc9fadf509d\">\ud83d\udca7 Protej\u00e9 el agua y los alimentos: Manten\u00e9 reservas de agua potable y alimentos no perecederos en caso de emergencia. Cubr\u00ed tanques y dep\u00f3sitos de agua para evitar contaminaci\u00f3n.<\/p>\n\n\n\n<p class=\"has-black-color has-text-color has-link-color wp-elements-c66951dd1664ae1ed4b946b6916e1b3b\">\ud83c\udfe0 Reforz\u00e1 tu vivienda: La ceniza acumulada puede hacer colapsar techos d\u00e9biles o planos, sobre todo si llueve. Revis\u00e1 y reforz\u00e1 tu estructura si es necesario.<\/p>\n\n\n\n<p class=\"has-black-color has-text-color has-link-color wp-elements-70210b9058907bec12f914788626eae3\">\ud83d\udcc2 Documentaci\u00f3n esencial<strong>:<\/strong> Guard\u00e1 en un lugar seguro tus documentos personales (DNI, pasaporte, partida de nacimiento).<\/p>\n\n\n\n<p class=\"has-black-color has-text-color has-link-color wp-elements-098b81e51dcaf61bbbf02dd1cf14d199\">\ud83d\udea8 &nbsp;Sistema de alerta: En Mendoza ante cualquier posible ocurrencia de este fen\u00f3meno, Defensa Civil emitir\u00e1 alertas oficiales a trav\u00e9s de medios de comunicaci\u00f3n, redes sociales y canales gubernamentales.<\/p>\n\n\n\n<p class=\"has-black-color has-text-color has-link-color wp-elements-ad4034d437727adc48826124bb93fe7a\">\ud83d\udd26 Kit de emergencia: Prepar\u00e1 una mochila con linterna, bater\u00edas, radio port\u00e1til, mascarillas, gafas de protecci\u00f3n y botiqu\u00edn de primeros auxilios.<\/p>\n\n\n\n<h4 class=\"wp-block-heading has-black-color has-text-color has-link-color has-medium-font-size wp-elements-9f85f01f313236ee5a8fa06167aed87b\"><strong>\ud83d\udc04 Para la protecci\u00f3n de animales y cultivos<\/strong><\/h4>\n\n\n\n<p class=\"has-black-color has-text-color has-link-color wp-elements-82de2574d4448796a5e25ee98a8485cf\">\ud83d\udc0e Resguard\u00e1 a tus animales: Mantenelos alejados de fuentes de agua contaminadas por ceniza y proporcionales alimento limpio.<\/p>\n\n\n\n<p class=\"has-black-color has-text-color has-link-color wp-elements-a62d96f5bdda5953f96e21efb47c4f2d\">\ud83c\udf3e Evit\u00e1 sembrar cerca de r\u00edos: En caso de erupci\u00f3n, los deshielos y la lluvia pueden provocar crecidas s\u00fabitas y arrastrar material volc\u00e1nico.<\/p>\n\n\n\n<p class=\"has-black-color has-text-color has-link-color wp-elements-b7e2272a378b9af79a55b1160652f60c\">\ud83d\udce2 Segu\u00ed las recomendaciones oficiales<strong>:<\/strong> Mantenete informado a trav\u00e9s de organismos agropecuarios para reducir el impacto en su producci\u00f3n.<\/p>\n\n\n\n<h4 class=\"wp-block-heading has-black-color has-text-color has-link-color has-medium-font-size wp-elements-499206fc28a1c65a8341cf8d77c92c63\"><strong>\ud83c\udf0b \u00bfQu\u00e9 hacer durante una erupci\u00f3n?<\/strong><\/h4>\n\n\n\n<p class=\"has-black-color has-text-color has-link-color wp-elements-d39707bb7393d3033281a1330efe7ba0\">\ud83d\ude0c Manten\u00e9 la calma: No entr\u00e9s en p\u00e1nico. Si est\u00e1s en zonas cercanas al volc\u00e1n, alejate de cauces de r\u00edos y quebradas, ya que pueden convertirse en rutas de lodo y escombros.<\/p>\n\n\n\n<p class=\"has-black-color has-text-color has-link-color wp-elements-65aeda054cdc7272acb09d9b05287ebb\">\ud83c\udfe0 Refugiate en un lugar seguro: Si est\u00e1s al aire libre, us\u00e1 un pa\u00f1uelo h\u00famedo para filtrar el polvo volc\u00e1nico y protej\u00e9 tus ojos con gafas.<\/p>\n\n\n\n<p class=\"has-black-color has-text-color has-link-color wp-elements-ee868a8ff7a0125299d0576eb4027ecd\">\ud83d\ude97 Evit\u00e1 conducir durante la ca\u00edda de ceniza: La ceniza reduce dr\u00e1sticamente la visibilidad y puede da\u00f1ar el motor de los veh\u00edculos.<\/p>\n\n\n\n<p class=\"has-black-color has-text-color has-link-color wp-elements-cef2a620960e0259935fffd56db5a4fe\">\ud83d\udd0c<strong> <\/strong>Cort\u00e1 los servicios b\u00e1sicos: Antes de evacuar, desconect\u00e1 el gas, el agua y la electricidad para prevenir incendios o explosiones.<\/p>\n\n\n\n<p class=\"has-black-color has-text-color has-link-color wp-elements-5a6044d43798269d1b6d5e37283b8031\">\u26a0\ufe0f Evit\u00e1 zonas bajas: No permanezc\u00e1s en valles ni en zonas cercanas a r\u00edos, ya que pueden ser rutas de avalanchas volc\u00e1nicas o lahares (flujos de lodo y ceniza).<\/p>\n\n\n\n<p class=\"has-black-color has-text-color has-link-color wp-elements-cf7e06b75cb3fd4a69113e940646f79e\">\ud83d\udcfb Segu\u00ed la informaci\u00f3n oficial: Escuch\u00e1 la radio o consult\u00e1 fuentes oficiales para conocer las instrucciones de evacuaci\u00f3n y seguridad.<\/p>\n\n\n\n<h4 class=\"wp-block-heading has-black-color has-text-color has-link-color has-medium-font-size wp-elements-9eea96b1a7eb4cc6d4cded36e0d4b689\"><strong>\ud83d\udccc \u00bfQu\u00e9 hacer despu\u00e9s de la erupci\u00f3n?<\/strong><\/h4>\n\n\n\n<p class=\"has-black-color has-text-color has-link-color wp-elements-ecaf44159ccc131b4f9460074ee0a1ff\">\u2705 Esper\u00e1 indicaciones: No regres\u00e9s a tu hogar hasta que las autoridades confirmen que es seguro.<\/p>\n\n\n\n<p class=\"has-black-color has-text-color has-link-color wp-elements-98145e266488ab9191da69978b9b3433\">\ud83e\uddf9 Limpieza de ceniza: Retir\u00e1 la ceniza de techos y canaletas con precauci\u00f3n. No la arroj\u00e9s al sistema de desag\u00fce, ya que puede obstruirlo.<\/p>\n\n\n\n<p class=\"has-black-color has-text-color has-link-color wp-elements-54bfdb3a4f482f7bca05f653d2e30599\">\ud83d\udeb0 Revis\u00e1 el agua: Antes de consumirla, asegurate de que no est\u00e9 contaminada con ceniza.<\/p>\n\n\n\n<p class=\"has-black-color has-text-color has-link-color wp-elements-e993aee73d5df427e392ab598ac7c13b\">\ud83d\udcf0 Evit\u00e1 difundir rumores: Solo compart\u00ed informaci\u00f3n confirmada por Defensa Civil o el Gobierno de Mendoza.<\/p>\n\n\n\n<p class=\"has-black-color has-text-color has-link-color wp-elements-5a51a8aee091dcbd27c6f17e1a95a14f\">\ud83c\udf31 Recuper\u00e1 tu entorno: Segu\u00ed las recomendaciones oficiales para la recuperaci\u00f3n de cultivos y la limpieza de espacios afectados.<\/p>\n\n\n\n<h4 class=\"wp-block-heading has-black-color has-text-color has-link-color has-medium-font-size wp-elements-8d3cc4e3ec7607a9d9bdfb227fb79c7e\"><strong>\ud83d\udce2 En caso de emergencia<\/strong><\/h4>\n\n\n\n<p class=\"has-black-color has-text-color has-link-color wp-elements-0900460175726faa13df83e70ebaab41\">\ud83d\udcde <strong>Llam\u00e1 al 911<\/strong> para recibir asistencia.<\/p>\n\n\n\n<p class=\"has-black-color has-text-color has-link-color has-medium-font-size wp-elements-922e63fae3c3ea32f4686414db45eb7f\"><strong>Siguiendo estas recomendaciones, podemos reducir el impacto de una erupci\u00f3n volc\u00e1nica y proteger a nuestra comunidad. \u00a1La prevenci\u00f3n es clave! \ud83d\udea8<\/strong><\/p>\n[\/et_pb_text][\/et_pb_column][\/et_pb_row][\/et_pb_section]","protected":false},"excerpt":{"rendered":"<p>\u00bfC\u00f3mo prepararse ante una posible erupci\u00f3n volc\u00e1nica? \ud83c\udf0b Volcanes y su impacto en Mendoza Mendoza cuenta con volcanes activos dentro de su territorio, adem\u00e1s su ubicaci\u00f3n cercana a la cordillera lim\u00edtrofe con la Rep\u00fablica de Chile, la expone a la actividad de volcanes. Entre los m\u00e1s relevantes se encuentran el Complejo Planch\u00f3n-Peteroa, el Tupungatito, Laguna [&hellip;]<\/p>\n","protected":false},"author":26,"featured_media":0,"parent":0,"menu_order":0,"comment_status":"closed","ping_status":"closed","template":"","meta":{"_et_pb_use_builder":"on","_et_pb_old_content":"<!-- wp:heading {\"level\":4,\"style\":{\"elements\":{\"link\":{\"color\":{\"text\":\"var:preset|color|black\"}}}},\"textColor\":\"black\",\"fontSize\":\"medium\"} -->\n<h4 class=\"wp-block-heading has-black-color has-text-color has-link-color has-medium-font-size\"><strong>\u00bfC\u00f3mo prepararse ante una posible erupci\u00f3n volc\u00e1nica? \ud83c\udf0b<\/strong><\/h4>\n<!-- \/wp:heading -->\n\n<!-- wp:heading {\"level\":4,\"style\":{\"elements\":{\"link\":{\"color\":{\"text\":\"var:preset|color|black\"}}}},\"textColor\":\"black\",\"fontSize\":\"medium\"} -->\n<h4 class=\"wp-block-heading has-black-color has-text-color has-link-color has-medium-font-size\"><strong>Volcanes y su impacto en Mendoza<\/strong><\/h4>\n<!-- \/wp:heading -->\n\n<!-- wp:paragraph {\"style\":{\"elements\":{\"link\":{\"color\":{\"text\":\"var:preset|color|black\"}}}},\"textColor\":\"black\",\"fontSize\":\"small\"} -->\n<p class=\"has-black-color has-text-color has-link-color has-small-font-size\">Mendoza  cuenta con volcanes activos dentro de su territorio, adem\u00e1s su ubicaci\u00f3n cercana a la cordillera lim\u00edtrofe con la Rep\u00fablica de Chile, la expone a la actividad de volcanes. Entre los m\u00e1s relevantes se encuentran el <strong>Complejo<\/strong> <strong>Planch\u00f3n-Peteroa<\/strong>, el <strong>Tupungatito, Laguna del Maule<\/strong> y el <strong>Descabezado Grande<\/strong>, todos con potencial de emitir ceniza que podr\u00eda llegar a toda la provincia.<\/p>\n<!-- \/wp:paragraph -->\n\n<!-- wp:paragraph {\"style\":{\"elements\":{\"link\":{\"color\":{\"text\":\"var:preset|color|black\"}}}},\"textColor\":\"black\"} -->\n<p class=\"has-black-color has-text-color has-link-color\">\ud83d\udd39 <strong>Ejemplo real: <\/strong>En 2011, la erupci\u00f3n del Planch\u00f3n-Peteroa gener\u00f3 una nube de ceniza que afect\u00f3 el sur de Mendoza, causando problemas respiratorios, interrupci\u00f3n de servicios y da\u00f1os a la producci\u00f3n agr\u00edcola ganadera.<\/p>\n<!-- \/wp:paragraph -->\n\n<!-- wp:paragraph {\"style\":{\"elements\":{\"link\":{\"color\":{\"text\":\"var:preset|color|black\"}}}},\"textColor\":\"black\"} -->\n<p class=\"has-black-color has-text-color has-link-color\">Dado que este tipo de fen\u00f3menos pueden repetirse, es fundamental estar preparados para minimizar los riesgos.<\/p>\n<!-- \/wp:paragraph -->\n\n<!-- wp:heading {\"level\":4,\"style\":{\"elements\":{\"link\":{\"color\":{\"text\":\"var:preset|color|black\"}}}},\"textColor\":\"black\",\"fontSize\":\"medium\"} -->\n<h4 class=\"wp-block-heading has-black-color has-text-color has-link-color has-medium-font-size\"><strong>\ud83d\uded1 Medidas de prevenci\u00f3n en tu hogar<\/strong><\/h4>\n<!-- \/wp:heading -->\n\n<!-- wp:paragraph {\"style\":{\"elements\":{\"link\":{\"color\":{\"text\":\"var:preset|color|black\"}}}},\"textColor\":\"black\"} -->\n<p class=\"has-black-color has-text-color has-link-color\">\ud83c\udfe1 Verific\u00e1 tu ubicaci\u00f3n: Consult\u00e1 con la<strong> <\/strong>Defensa Civil de tu municipio si tu zona podr\u00eda verse afectada por la ca\u00edda de ceniza.<\/p>\n<!-- \/wp:paragraph -->\n\n<!-- wp:paragraph {\"style\":{\"elements\":{\"link\":{\"color\":{\"text\":\"var:preset|color|black\"}}}},\"textColor\":\"black\"} -->\n<p class=\"has-black-color has-text-color has-link-color\">\ud83d\udca7 Protej\u00e9 el agua y los alimentos: Manten\u00e9 reservas de agua potable y alimentos no perecederos en caso de emergencia. Cubr\u00ed tanques y dep\u00f3sitos de agua para evitar contaminaci\u00f3n.<\/p>\n<!-- \/wp:paragraph -->\n\n<!-- wp:paragraph {\"style\":{\"elements\":{\"link\":{\"color\":{\"text\":\"var:preset|color|black\"}}}},\"textColor\":\"black\"} -->\n<p class=\"has-black-color has-text-color has-link-color\">\ud83c\udfe0 Reforz\u00e1 tu vivienda: La ceniza acumulada puede hacer colapsar techos d\u00e9biles o planos, sobre todo si llueve. Revis\u00e1 y reforz\u00e1 tu estructura si es necesario.<\/p>\n<!-- \/wp:paragraph -->\n\n<!-- wp:paragraph {\"style\":{\"elements\":{\"link\":{\"color\":{\"text\":\"var:preset|color|black\"}}}},\"textColor\":\"black\"} -->\n<p class=\"has-black-color has-text-color has-link-color\">\ud83d\udcc2 Documentaci\u00f3n esencial<strong>:<\/strong> Guard\u00e1 en un lugar seguro tus documentos personales (DNI, pasaporte, partida de nacimiento).<\/p>\n<!-- \/wp:paragraph -->\n\n<!-- wp:paragraph {\"style\":{\"elements\":{\"link\":{\"color\":{\"text\":\"var:preset|color|black\"}}}},\"textColor\":\"black\"} -->\n<p class=\"has-black-color has-text-color has-link-color\">\ud83d\udea8 &nbsp;Sistema de alerta: En Mendoza ante cualquier posible ocurrencia de este fen\u00f3meno, Defensa Civil emitir\u00e1 alertas oficiales a trav\u00e9s de medios de comunicaci\u00f3n, redes sociales y canales gubernamentales.<\/p>\n<!-- \/wp:paragraph -->\n\n<!-- wp:paragraph {\"style\":{\"elements\":{\"link\":{\"color\":{\"text\":\"var:preset|color|black\"}}}},\"textColor\":\"black\"} -->\n<p class=\"has-black-color has-text-color has-link-color\">\ud83d\udd26 Kit de emergencia: Prepar\u00e1 una mochila con linterna, bater\u00edas, radio port\u00e1til, mascarillas, gafas de protecci\u00f3n y botiqu\u00edn de primeros auxilios.<\/p>\n<!-- \/wp:paragraph -->\n\n<!-- wp:heading {\"level\":4,\"style\":{\"elements\":{\"link\":{\"color\":{\"text\":\"var:preset|color|black\"}}}},\"textColor\":\"black\",\"fontSize\":\"medium\"} -->\n<h4 class=\"wp-block-heading has-black-color has-text-color has-link-color has-medium-font-size\"><strong>\ud83d\udc04 Para la protecci\u00f3n de animales y cultivos<\/strong><\/h4>\n<!-- \/wp:heading -->\n\n<!-- wp:paragraph {\"style\":{\"elements\":{\"link\":{\"color\":{\"text\":\"var:preset|color|black\"}}}},\"textColor\":\"black\"} -->\n<p class=\"has-black-color has-text-color has-link-color\">\ud83d\udc0e Resguard\u00e1 a tus animales: Mantenelos alejados de fuentes de agua contaminadas por ceniza y proporcionales alimento limpio.<\/p>\n<!-- \/wp:paragraph -->\n\n<!-- wp:paragraph {\"style\":{\"elements\":{\"link\":{\"color\":{\"text\":\"var:preset|color|black\"}}}},\"textColor\":\"black\"} -->\n<p class=\"has-black-color has-text-color has-link-color\">\ud83c\udf3e Evit\u00e1 sembrar cerca de r\u00edos: En caso de erupci\u00f3n, los deshielos y la lluvia pueden provocar crecidas s\u00fabitas y arrastrar material volc\u00e1nico.<\/p>\n<!-- \/wp:paragraph -->\n\n<!-- wp:paragraph {\"style\":{\"elements\":{\"link\":{\"color\":{\"text\":\"var:preset|color|black\"}}}},\"textColor\":\"black\"} -->\n<p class=\"has-black-color has-text-color has-link-color\">\ud83d\udce2 Segu\u00ed las recomendaciones oficiales<strong>:<\/strong> Mantenete informado a trav\u00e9s de organismos agropecuarios para reducir el impacto en su producci\u00f3n.<\/p>\n<!-- \/wp:paragraph -->\n\n<!-- wp:heading {\"level\":4,\"style\":{\"elements\":{\"link\":{\"color\":{\"text\":\"var:preset|color|black\"}}}},\"textColor\":\"black\",\"fontSize\":\"medium\"} -->\n<h4 class=\"wp-block-heading has-black-color has-text-color has-link-color has-medium-font-size\"><strong>\ud83c\udf0b \u00bfQu\u00e9 hacer durante una erupci\u00f3n?<\/strong><\/h4>\n<!-- \/wp:heading -->\n\n<!-- wp:paragraph {\"style\":{\"elements\":{\"link\":{\"color\":{\"text\":\"var:preset|color|black\"}}}},\"textColor\":\"black\"} -->\n<p class=\"has-black-color has-text-color has-link-color\">\ud83d\ude0c Manten\u00e9 la calma: No entr\u00e9s en p\u00e1nico. Si est\u00e1s en zonas cercanas al volc\u00e1n, alejate de cauces de r\u00edos y quebradas, ya que pueden convertirse en rutas de lodo y escombros.<\/p>\n<!-- \/wp:paragraph -->\n\n<!-- wp:paragraph {\"style\":{\"elements\":{\"link\":{\"color\":{\"text\":\"var:preset|color|black\"}}}},\"textColor\":\"black\"} -->\n<p class=\"has-black-color has-text-color has-link-color\">\ud83c\udfe0 Refugiate en un lugar seguro: Si est\u00e1s al aire libre, us\u00e1 un pa\u00f1uelo h\u00famedo para filtrar el polvo volc\u00e1nico y protej\u00e9 tus ojos con gafas.<\/p>\n<!-- \/wp:paragraph -->\n\n<!-- wp:paragraph {\"style\":{\"elements\":{\"link\":{\"color\":{\"text\":\"var:preset|color|black\"}}}},\"textColor\":\"black\"} -->\n<p class=\"has-black-color has-text-color has-link-color\">\ud83d\ude97 Evit\u00e1 conducir durante la ca\u00edda de ceniza: La ceniza reduce dr\u00e1sticamente la visibilidad y puede da\u00f1ar el motor de los veh\u00edculos.<\/p>\n<!-- \/wp:paragraph -->\n\n<!-- wp:paragraph {\"style\":{\"elements\":{\"link\":{\"color\":{\"text\":\"var:preset|color|black\"}}}},\"textColor\":\"black\"} -->\n<p class=\"has-black-color has-text-color has-link-color\">\ud83d\udd0c<strong> <\/strong>Cort\u00e1 los servicios b\u00e1sicos: Antes de evacuar, desconect\u00e1 el gas, el agua y la electricidad para prevenir incendios o explosiones.<\/p>\n<!-- \/wp:paragraph -->\n\n<!-- wp:paragraph {\"style\":{\"elements\":{\"link\":{\"color\":{\"text\":\"var:preset|color|black\"}}}},\"textColor\":\"black\"} -->\n<p class=\"has-black-color has-text-color has-link-color\">\u26a0\ufe0f Evit\u00e1 zonas bajas: No permanezc\u00e1s en valles ni en zonas cercanas a r\u00edos, ya que pueden ser rutas de avalanchas volc\u00e1nicas o lahares (flujos de lodo y ceniza).<\/p>\n<!-- \/wp:paragraph -->\n\n<!-- wp:paragraph {\"style\":{\"elements\":{\"link\":{\"color\":{\"text\":\"var:preset|color|black\"}}}},\"textColor\":\"black\"} -->\n<p class=\"has-black-color has-text-color has-link-color\">\ud83d\udcfb Segu\u00ed la informaci\u00f3n oficial: Escuch\u00e1 la radio o consult\u00e1 fuentes oficiales para conocer las instrucciones de evacuaci\u00f3n y seguridad.<\/p>\n<!-- \/wp:paragraph -->\n\n<!-- wp:heading {\"level\":4,\"style\":{\"elements\":{\"link\":{\"color\":{\"text\":\"var:preset|color|black\"}}}},\"textColor\":\"black\",\"fontSize\":\"medium\"} -->\n<h4 class=\"wp-block-heading has-black-color has-text-color has-link-color has-medium-font-size\"><strong>\ud83d\udccc \u00bfQu\u00e9 hacer despu\u00e9s de la erupci\u00f3n?<\/strong><\/h4>\n<!-- \/wp:heading -->\n\n<!-- wp:paragraph {\"style\":{\"elements\":{\"link\":{\"color\":{\"text\":\"var:preset|color|black\"}}}},\"textColor\":\"black\"} -->\n<p class=\"has-black-color has-text-color has-link-color\">\u2705 Esper\u00e1 indicaciones: No regres\u00e9s a tu hogar hasta que las autoridades confirmen que es seguro.<\/p>\n<!-- \/wp:paragraph -->\n\n<!-- wp:paragraph {\"style\":{\"elements\":{\"link\":{\"color\":{\"text\":\"var:preset|color|black\"}}}},\"textColor\":\"black\"} -->\n<p class=\"has-black-color has-text-color has-link-color\">\ud83e\uddf9 Limpieza de ceniza: Retir\u00e1 la ceniza de techos y canaletas con precauci\u00f3n. No la arroj\u00e9s al sistema de desag\u00fce, ya que puede obstruirlo.<\/p>\n<!-- \/wp:paragraph -->\n\n<!-- wp:paragraph {\"style\":{\"elements\":{\"link\":{\"color\":{\"text\":\"var:preset|color|black\"}}}},\"textColor\":\"black\"} -->\n<p class=\"has-black-color has-text-color has-link-color\">\ud83d\udeb0 Revis\u00e1 el agua: Antes de consumirla, asegurate de que no est\u00e9 contaminada con ceniza.<\/p>\n<!-- \/wp:paragraph -->\n\n<!-- wp:paragraph {\"style\":{\"elements\":{\"link\":{\"color\":{\"text\":\"var:preset|color|black\"}}}},\"textColor\":\"black\"} -->\n<p class=\"has-black-color has-text-color has-link-color\">\ud83d\udcf0 Evit\u00e1 difundir rumores: Solo compart\u00ed informaci\u00f3n confirmada por Defensa Civil o el Gobierno de Mendoza.<\/p>\n<!-- \/wp:paragraph -->\n\n<!-- wp:paragraph {\"style\":{\"elements\":{\"link\":{\"color\":{\"text\":\"var:preset|color|black\"}}}},\"textColor\":\"black\"} -->\n<p class=\"has-black-color has-text-color has-link-color\">\ud83c\udf31 Recuper\u00e1 tu entorno: Segu\u00ed las recomendaciones oficiales para la recuperaci\u00f3n de cultivos y la limpieza de espacios afectados.<\/p>\n<!-- \/wp:paragraph -->\n\n<!-- wp:heading {\"level\":4,\"style\":{\"elements\":{\"link\":{\"color\":{\"text\":\"var:preset|color|black\"}}}},\"textColor\":\"black\",\"fontSize\":\"medium\"} -->\n<h4 class=\"wp-block-heading has-black-color has-text-color has-link-color has-medium-font-size\"><strong>\ud83d\udce2 En caso de emergencia<\/strong><\/h4>\n<!-- \/wp:heading -->\n\n<!-- wp:paragraph {\"style\":{\"elements\":{\"link\":{\"color\":{\"text\":\"var:preset|color|black\"}}}},\"textColor\":\"black\"} -->\n<p class=\"has-black-color has-text-color has-link-color\">\ud83d\udcde <strong>Llam\u00e1 al 911<\/strong> para recibir asistencia.<\/p>\n<!-- \/wp:paragraph -->\n\n<!-- wp:paragraph {\"style\":{\"elements\":{\"link\":{\"color\":{\"text\":\"var:preset|color|black\"}}}},\"textColor\":\"black\",\"fontSize\":\"medium\"} -->\n<p class=\"has-black-color has-text-color has-link-color has-medium-font-size\"><strong>Siguiendo estas recomendaciones, podemos reducir el impacto de una erupci\u00f3n volc\u00e1nica y proteger a nuestra comunidad. \u00a1La prevenci\u00f3n es clave! \ud83d\udea8<\/strong><\/p>\n<!-- \/wp:paragraph -->","_et_gb_content_width":"1080","footnotes":""},"class_list":["post-1062","page","type-page","status-publish","hentry"],"_links":{"self":[{"href":"https:\/\/informacionoficial-nonprod.mendoza.gob.ar\/seguridadyjusticia\/wp-json\/wp\/v2\/pages\/1062","targetHints":{"allow":["GET"]}}],"collection":[{"href":"https:\/\/informacionoficial-nonprod.mendoza.gob.ar\/seguridadyjusticia\/wp-json\/wp\/v2\/pages"}],"about":[{"href":"https:\/\/informacionoficial-nonprod.mendoza.gob.ar\/seguridadyjusticia\/wp-json\/wp\/v2\/types\/page"}],"author":[{"embeddable":true,"href":"https:\/\/informacionoficial-nonprod.mendoza.gob.ar\/seguridadyjusticia\/wp-json\/wp\/v2\/users\/26"}],"replies":[{"embeddable":true,"href":"https:\/\/informacionoficial-nonprod.mendoza.gob.ar\/seguridadyjusticia\/wp-json\/wp\/v2\/comments?post=1062"}],"version-history":[{"count":6,"href":"https:\/\/informacionoficial-nonprod.mendoza.gob.ar\/seguridadyjusticia\/wp-json\/wp\/v2\/pages\/1062\/revisions"}],"predecessor-version":[{"id":1847,"href":"https:\/\/informacionoficial-nonprod.mendoza.gob.ar\/seguridadyjusticia\/wp-json\/wp\/v2\/pages\/1062\/revisions\/1847"}],"wp:attachment":[{"href":"https:\/\/informacionoficial-nonprod.mendoza.gob.ar\/seguridadyjusticia\/wp-json\/wp\/v2\/media?parent=1062"}],"curies":[{"name":"wp","href":"https:\/\/api.w.org\/{rel}","templated":true}]}}